{"id":11836,"date":"2025-07-16T10:01:08","date_gmt":"2025-07-16T10:01:08","guid":{"rendered":"https:\/\/eu4dual.education\/?post_type=event&#038;p=11836"},"modified":"2025-10-13T14:16:27","modified_gmt":"2025-10-13T14:16:27","slug":"sustainability-seminar-series-3-18-september-2025","status":"publish","type":"event","link":"https:\/\/eu4dual.education\/pl\/event\/sustainability-seminar-series-3-18-september-2025\/","title":{"rendered":"Seria Seminari\u00f3w Zr\u00f3wnowa\u017conego Rozwoju #3, 18 wrze\u015bnia 2025"},"content":{"rendered":"<h2 class=\"wp-block-heading\">Let\u2019s Talk Sustainability!<\/h2>\n\n\n\n<p>Join us in our Sustainability Seminar Series.<br>Our seminars offer an opportunity to deepen our shared commitment to sustainability in higher education.<\/p>\n\n\n\n<p><strong>Date:<\/strong> 18 September 2025<\/p>\n\n\n\n<p><strong>Time: <\/strong>10:00 to 11:00 (CEST)<\/p>\n\n\n\n<p><strong>Location:<\/strong> &nbsp;<a href=\"https:\/\/teams.microsoft.com\/l\/meetup-join\/19%3ameeting_NzUwMTZiMDItOTYyMS00OGNkLWJkZWQtYzc1NzU1ZDNmNmU3%40thread.v2\/0?context=%7b%22Tid%22%3a%2230a296a3-f357-466b-a2db-d57911dec0b5%22%2c%22Oid%22%3a%22f7dc8562-a961-4f42-b5f3-770b2ddb30a4%22%7d\" target=\"_blank\" rel=\"noreferrer noopener\"><strong><mark style=\"background-color:rgba(0, 0, 0, 0)\" class=\"has-inline-color has-luminous-vivid-orange-color\">Join the seminar on Teams<\/mark><\/strong><\/a><\/p>\n\n\n\n<h2 class=\"wp-block-heading\"><strong>How to best integrate incoming students and staff<\/strong><\/h2>\n\n\n\n<p>with <strong>Brigitte Ilg (DHBW)<\/strong><\/p>\n\n\n\n<p>Integrating new students and staff into universities requires a balanced approach. It should address academic, social, cultural, and administrative parts of university life. This seminar explores what influences the experiences of students and staff on campus. It also supports their well-being and looks at how universities can make integration smooth and inclusive.<\/p>\n\n\n\n<p><\/p>","protected":false},"excerpt":{"rendered":"<p>Porozmawiajmy o zr\u00f3wnowa\u017conym rozwoju! Do\u0142\u0105cz do nas w naszej serii seminari\u00f3w na temat zr\u00f3wnowa\u017conego rozwoju.<\/p>","protected":false},"featured_media":11838,"template":"","categories":[83,81,82],"tags":[],"class_list":["post-11836","event","type-event","status-publish","has-post-thumbnail","hentry","category-researchers","category-staff","category-students"],"yoast_head":"<!-- This site is optimized with the Yoast SEO plugin v25.2 - https:\/\/yoast.com\/wordpress\/plugins\/seo\/ -->\n<title>Sustainability Seminar Series #3, 18 September 2025 - EU4Dual<\/title>\n<meta name=\"robots\" content=\"index, follow, max-snippet:-1, max-image-preview:large, max-video-preview:-1\" \/>\n<link rel=\"canonical\" href=\"https:\/\/eu4dual.education\/pl\/wydarzenie\/sustainability-seminar-series-3-18-september-2025\/\" \/>\n<meta property=\"og:locale\" content=\"pl_PL\" \/>\n<meta property=\"og:type\" content=\"article\" \/>\n<meta property=\"og:title\" content=\"Sustainability Seminar Series #3, 18 September 2025 - EU4Dual\" \/>\n<meta property=\"og:description\" content=\"Let\u2019s Talk Sustainability! Join us in our Sustainability Seminar Series.\" \/>\n<meta property=\"og:url\" content=\"https:\/\/eu4dual.education\/pl\/wydarzenie\/sustainability-seminar-series-3-18-september-2025\/\" \/>\n<meta property=\"og:site_name\" content=\"EU4Dual\" \/>\n<meta property=\"article:publisher\" content=\"https:\/\/www.facebook.com\/knowledgeinno\/\" \/>\n<meta property=\"article:modified_time\" content=\"2025-10-13T14:16:27+00:00\" \/>\n<meta property=\"og:image\" content=\"https:\/\/eu4dual.education\/wp-content\/uploads\/2025\/07\/20250918_Banner_sustainablitily-seminar.png\" \/>\n\t<meta property=\"og:image:width\" content=\"1254\" \/>\n\t<meta property=\"og:image:height\" content=\"826\" \/>\n\t<meta property=\"og:image:type\" content=\"image\/png\" \/>\n<meta name=\"twitter:card\" content=\"summary_large_image\" \/>\n<meta name=\"twitter:site\" content=\"@kiceurope\" \/>\n<meta name=\"twitter:label1\" content=\"Szacowany czas czytania\" \/>\n\t<meta name=\"twitter:data1\" content=\"1 minuta\" \/>\n<script type=\"application\/ld+json\" class=\"yoast-schema-graph\">{\"@context\":\"https:\/\/schema.org\",\"@graph\":[{\"@type\":\"WebPage\",\"@id\":\"https:\/\/eu4dual.education\/event\/sustainability-seminar-series-3-18-september-2025\/\",\"url\":\"https:\/\/eu4dual.education\/event\/sustainability-seminar-series-3-18-september-2025\/\",\"name\":\"Sustainability Seminar Series #3, 18 September 2025 - EU4Dual\",\"isPartOf\":{\"@id\":\"https:\/\/eu4dual.education\/#website\"},\"primaryImageOfPage\":{\"@id\":\"https:\/\/eu4dual.education\/event\/sustainability-seminar-series-3-18-september-2025\/#primaryimage\"},\"image\":{\"@id\":\"https:\/\/eu4dual.education\/event\/sustainability-seminar-series-3-18-september-2025\/#primaryimage\"},\"thumbnailUrl\":\"https:\/\/eu4dual.education\/wp-content\/uploads\/2025\/07\/20250918_Banner_sustainablitily-seminar.png\",\"datePublished\":\"2025-07-16T10:01:08+00:00\",\"dateModified\":\"2025-10-13T14:16:27+00:00\",\"breadcrumb\":{\"@id\":\"https:\/\/eu4dual.education\/event\/sustainability-seminar-series-3-18-september-2025\/#breadcrumb\"},\"inLanguage\":\"pl-PL\",\"potentialAction\":[{\"@type\":\"ReadAction\",\"target\":[\"https:\/\/eu4dual.education\/event\/sustainability-seminar-series-3-18-september-2025\/\"]}]},{\"@type\":\"ImageObject\",\"inLanguage\":\"pl-PL\",\"@id\":\"https:\/\/eu4dual.education\/event\/sustainability-seminar-series-3-18-september-2025\/#primaryimage\",\"url\":\"https:\/\/eu4dual.education\/wp-content\/uploads\/2025\/07\/20250918_Banner_sustainablitily-seminar.png\",\"contentUrl\":\"https:\/\/eu4dual.education\/wp-content\/uploads\/2025\/07\/20250918_Banner_sustainablitily-seminar.png\",\"width\":1254,\"height\":826},{\"@type\":\"BreadcrumbList\",\"@id\":\"https:\/\/eu4dual.education\/event\/sustainability-seminar-series-3-18-september-2025\/#breadcrumb\",\"itemListElement\":[{\"@type\":\"ListItem\",\"position\":1,\"name\":\"Home\",\"item\":\"https:\/\/eu4dual.education\/\"},{\"@type\":\"ListItem\",\"position\":2,\"name\":\"Events\",\"item\":\"https:\/\/eu4dual.education\/event\/\"},{\"@type\":\"ListItem\",\"position\":3,\"name\":\"Sustainability Seminar Series #3, 18 September 2025\"}]},{\"@type\":\"WebSite\",\"@id\":\"https:\/\/eu4dual.education\/#website\",\"url\":\"https:\/\/eu4dual.education\/\",\"name\":\"EU4Dual\",\"description\":\"The European Dual Studies University\",\"publisher\":{\"@id\":\"https:\/\/eu4dual.education\/#organization\"},\"potentialAction\":[{\"@type\":\"SearchAction\",\"target\":{\"@type\":\"EntryPoint\",\"urlTemplate\":\"https:\/\/eu4dual.education\/?s={search_term_string}\"},\"query-input\":{\"@type\":\"PropertyValueSpecification\",\"valueRequired\":true,\"valueName\":\"search_term_string\"}}],\"inLanguage\":\"pl-PL\"},{\"@type\":\"Organization\",\"@id\":\"https:\/\/eu4dual.education\/#organization\",\"name\":\"EU4Dual\",\"url\":\"https:\/\/eu4dual.education\/\",\"logo\":{\"@type\":\"ImageObject\",\"inLanguage\":\"pl-PL\",\"@id\":\"https:\/\/eu4dual.education\/#\/schema\/logo\/image\/\",\"url\":\"https:\/\/eu4dual.education\/wp-content\/uploads\/2023\/08\/cropped-EU4Dual_Logo.png\",\"contentUrl\":\"https:\/\/eu4dual.education\/wp-content\/uploads\/2023\/08\/cropped-EU4Dual_Logo.png\",\"width\":352,\"height\":232,\"caption\":\"EU4Dual\"},\"image\":{\"@id\":\"https:\/\/eu4dual.education\/#\/schema\/logo\/image\/\"},\"sameAs\":[\"https:\/\/www.facebook.com\/knowledgeinno\/\",\"https:\/\/x.com\/kiceurope\"]}]}<\/script>\n<!-- \/ Yoast SEO plugin. -->","yoast_head_json":{"title":"Sustainability Seminar Series #3, 18 September 2025 - EU4Dual","robots":{"index":"index","follow":"follow","max-snippet":"max-snippet:-1","max-image-preview":"max-image-preview:large","max-video-preview":"max-video-preview:-1"},"canonical":"https:\/\/eu4dual.education\/pl\/wydarzenie\/sustainability-seminar-series-3-18-september-2025\/","og_locale":"pl_PL","og_type":"article","og_title":"Sustainability Seminar Series #3, 18 September 2025 - EU4Dual","og_description":"Let\u2019s Talk Sustainability! Join us in our Sustainability Seminar Series.","og_url":"https:\/\/eu4dual.education\/pl\/wydarzenie\/sustainability-seminar-series-3-18-september-2025\/","og_site_name":"EU4Dual","article_publisher":"https:\/\/www.facebook.com\/knowledgeinno\/","article_modified_time":"2025-10-13T14:16:27+00:00","og_image":[{"width":1254,"height":826,"url":"https:\/\/eu4dual.education\/wp-content\/uploads\/2025\/07\/20250918_Banner_sustainablitily-seminar.png","type":"image\/png"}],"twitter_card":"summary_large_image","twitter_site":"@kiceurope","twitter_misc":{"Szacowany czas czytania":"1 minuta"},"schema":{"@context":"https:\/\/schema.org","@graph":[{"@type":"WebPage","@id":"https:\/\/eu4dual.education\/event\/sustainability-seminar-series-3-18-september-2025\/","url":"https:\/\/eu4dual.education\/event\/sustainability-seminar-series-3-18-september-2025\/","name":"Sustainability Seminar Series #3, 18 September 2025 - EU4Dual","isPartOf":{"@id":"https:\/\/eu4dual.education\/#website"},"primaryImageOfPage":{"@id":"https:\/\/eu4dual.education\/event\/sustainability-seminar-series-3-18-september-2025\/#primaryimage"},"image":{"@id":"https:\/\/eu4dual.education\/event\/sustainability-seminar-series-3-18-september-2025\/#primaryimage"},"thumbnailUrl":"https:\/\/eu4dual.education\/wp-content\/uploads\/2025\/07\/20250918_Banner_sustainablitily-seminar.png","datePublished":"2025-07-16T10:01:08+00:00","dateModified":"2025-10-13T14:16:27+00:00","breadcrumb":{"@id":"https:\/\/eu4dual.education\/event\/sustainability-seminar-series-3-18-september-2025\/#breadcrumb"},"inLanguage":"pl-PL","potentialAction":[{"@type":"ReadAction","target":["https:\/\/eu4dual.education\/event\/sustainability-seminar-series-3-18-september-2025\/"]}]},{"@type":"ImageObject","inLanguage":"pl-PL","@id":"https:\/\/eu4dual.education\/event\/sustainability-seminar-series-3-18-september-2025\/#primaryimage","url":"https:\/\/eu4dual.education\/wp-content\/uploads\/2025\/07\/20250918_Banner_sustainablitily-seminar.png","contentUrl":"https:\/\/eu4dual.education\/wp-content\/uploads\/2025\/07\/20250918_Banner_sustainablitily-seminar.png","width":1254,"height":826},{"@type":"BreadcrumbList","@id":"https:\/\/eu4dual.education\/event\/sustainability-seminar-series-3-18-september-2025\/#breadcrumb","itemListElement":[{"@type":"ListItem","position":1,"name":"Home","item":"https:\/\/eu4dual.education\/"},{"@type":"ListItem","position":2,"name":"Events","item":"https:\/\/eu4dual.education\/event\/"},{"@type":"ListItem","position":3,"name":"Sustainability Seminar Series #3, 18 September 2025"}]},{"@type":"WebSite","@id":"https:\/\/eu4dual.education\/#website","url":"https:\/\/eu4dual.education\/","name":"EU4Dual","description":"Europejski Uniwersytet Studi\u00f3w Dualnych","publisher":{"@id":"https:\/\/eu4dual.education\/#organization"},"potentialAction":[{"@type":"SearchAction","target":{"@type":"EntryPoint","urlTemplate":"https:\/\/eu4dual.education\/?s={search_term_string}"},"query-input":{"@type":"PropertyValueSpecification","valueRequired":true,"valueName":"search_term_string"}}],"inLanguage":"pl-PL"},{"@type":"Organization","@id":"https:\/\/eu4dual.education\/#organization","name":"EU4Dual","url":"https:\/\/eu4dual.education\/","logo":{"@type":"ImageObject","inLanguage":"pl-PL","@id":"https:\/\/eu4dual.education\/#\/schema\/logo\/image\/","url":"https:\/\/eu4dual.education\/wp-content\/uploads\/2023\/08\/cropped-EU4Dual_Logo.png","contentUrl":"https:\/\/eu4dual.education\/wp-content\/uploads\/2023\/08\/cropped-EU4Dual_Logo.png","width":352,"height":232,"caption":"EU4Dual"},"image":{"@id":"https:\/\/eu4dual.education\/#\/schema\/logo\/image\/"},"sameAs":["https:\/\/www.facebook.com\/knowledgeinno\/","https:\/\/x.com\/kiceurope"]}]}},"meta_box":{"start_date":"2025-09-18","end_date":"2025-09-18"},"_links":{"self":[{"href":"https:\/\/eu4dual.education\/pl\/wp-json\/wp\/v2\/event\/11836","targetHints":{"allow":["GET"]}}],"collection":[{"href":"https:\/\/eu4dual.education\/pl\/wp-json\/wp\/v2\/event"}],"about":[{"href":"https:\/\/eu4dual.education\/pl\/wp-json\/wp\/v2\/types\/event"}],"wp:featuredmedia":[{"embeddable":true,"href":"https:\/\/eu4dual.education\/pl\/wp-json\/wp\/v2\/media\/11838"}],"wp:attachment":[{"href":"https:\/\/eu4dual.education\/pl\/wp-json\/wp\/v2\/media?parent=11836"}],"wp:term":[{"taxonomy":"category","embeddable":true,"href":"https:\/\/eu4dual.education\/pl\/wp-json\/wp\/v2\/categories?post=11836"},{"taxonomy":"post_tag","embeddable":true,"href":"https:\/\/eu4dual.education\/pl\/wp-json\/wp\/v2\/tags?post=11836"}],"curies":[{"name":"wp","href":"https:\/\/api.w.org\/{rel}","templated":true}]}}

Seria Seminariów Zrównoważonego Rozwoju #3, 18 września 2025

<p>Porozmawiajmy o zrównoważonym rozwoju! Dołącz do nas w naszej serii seminariów na temat zrównoważonego rozwoju.</p>

Europejski Uniwersytet Studiów Dualnych
